2331. Is g composite?
False
Let m be (0 - -9)*(-43)/(-129). Suppose 2*x - 35547 = -m*p, 4*p + 0*x - 47407 = x. Is p prime?
False
Let n(i) = 8405*i + 146. Is n(3) a composite number?
True
Let f(c) = -c**2. Let s(b) = 4*b**2 - 7*b + 21. Let g(a) = 3*f(a) + s(a). Is g(10) composite?
True
Let z = -22 + 25. Is (227 - 3/z)*14/4 a composite number?
True
Let h = -46 - -48. Suppose f + 405 = 5*a, 0*a + 318 = 4*a - h*f. Is a a prime number?
False
Let b(o) = -o**3 + 24*o**2 - 17*o - 41. Is b(23) composite?
False
Let f = 882 + -93. Let j = -859 + 996. Suppose -5*o + y + f = 0, -o + j = 2*y + 3*y. Is o prime?
True
Let z be -1 - (3 + 0/1). Is -2 - z - -211 - 4 a composite number?
True
Let g = 932 - 601. Is g a composite number?
False
Suppose -3*v = 15, -t + 4*v + 4969 = -1998. Is t prime?
True
Let d(m) = m**2 - 7*m - 18. Let a be d(-12). Let k = 7 - 19. Is k + 13 + (a - 0) a prime number?
True
Suppose q + 4*q = 3*n + 1237, -q + 1672 = -4*n. Let s = 670 + n. Is s a prime number?
True
Let d(t) = 10*t - 652 + 22*t**2 + 659 + 8*t**2. Is d(-8) a composite number?
False
Let g be (2/3)/(2/15). Let q be g/2 + 3/6. Suppose 0*j = q*j - 159. Is j composite?
False
Let c(r) = 666*r**2 - 5*r + 30. Is c(-7) prime?
False
Let g be (-3)/(-1)*-289*21/(-63). Let s = g + -200. Is s a prime number?
True
Suppose w = -0*w + 3*c + 12, c = 2*w - 4. Suppose w*k + 7*k - 238 = 0. Is k a prime number?
False
Let o = -8247 + 14103. Suppose n - 1455 = -v - n, 4*v - n = o. Suppose 53 + v = 4*h. Is h a prime number?
True
Let g = -2681 + 5798. Is g composite?
True
Suppose -4*f - i + 26117 = 0, 0 = -5*f - i + 10181 + 22465. Is f composite?
False
Suppose 0 = 5*m + 3*s - 5, -4*m - 3*s = -2*s - 11. Suppose 0 = -2*t + 5*v - v + 750, 3*v = -m*t + 1445. Is t composite?
True
Suppose 2*y = 6*y - 4220. Let j = y - 410. Suppose 0 = -7*h + 4*h + j. Is h a prime number?
False
Let v = 288134 + -200713. Is v composite?
False
Suppose 8*b = 2*b + 438186. Is b prime?
False
Suppose 31*t = 9*t + 208142. Is t composite?
False
Suppose 0 = -22*d + 23*d - 2*u - 146793, 440359 = 3*d + 4*u. Is d a composite number?
True
Let j = 2 - 0. Suppose -2*y = 2*a - 3*a + 1, -j*y + 19 = 3*a. Let t = 8 - y. Is t a composite number?
True
Suppose 0 = 8*u + 16*u - 66408. Is u a prime number?
True
Suppose -2*f - 2*t + 23924 = 0, 4*t - 73534 = -5*f - 13727. Is f prime?
True
Let l be 2/(-2)*(-16 - -16). Suppose 15 = -5*i, o - i - 6 = -l*o. Suppose -o*w = -466 - 107. Is w composite?
False
Is (-56302)/4*(6 + -14 + 6) composite?
False
Let h = 3 + -1. Let t be 0/(3*(-3 + h)). Suppose t = -z + 63 + 98. Is z a composite number?
True
Suppose -2*w - 4*b = -3*w - 17, -5*w - 5*b = 35. Let j be (2 + w)/(1/(-2)). Is (j + -4)*11/2 prime?
False
Suppose 7*w - 3*w = -24. Let l = w - -6. Suppose 2*z - 463 - 507 = l. Is z composite?
True
Let g = 177 + -53. Let s = -89 + g. Is s composite?
True
Suppose 7*k = 3*k + 688. Suppose -3*h + 0*h = -g - k, -g - 56 = -h. Is h prime?
False
Suppose 2*q = x - 2*x - 3, 15 = -5*q. Let t(h) = -227*h. Let v be t(-1). Suppose d + x*b = v, -4*d + 3*d = -b - 243. Is d a composite number?
False
Suppose l - 918 = -149. Is l a composite number?
False
Suppose 0 = -u + 2406 + 10000. Is u a composite number?
True
Let g = -5 + 11. Suppose g*p - 2*p - 16 = 0. Is (290/p)/(5/10) composite?
True
Let u = -172 - -2. Let i(j) = -30*j**2 + 2*j - 3. Let r be i(2). Let c = r - u. Is c a composite number?
True
Suppose 0 = 13*q - 8*q + 20, -4*l + 3*q + 653584 = 0. Is l a prime number?
True
Let a(d) = -12 - 391*d + 5 + 1 + 1. Is a(-4) prime?
True
Let o(h) = 11*h**3 - 11*h**2 - 8*h - 255. Is o(16) a prime number?
False
Let i(x) = 9*x**2 - 9*x - 35. Is i(27) prime?
False
Let p be 2/(-4) - (-1860)/24 - -1. Suppose 20195 = 83*w - p*w. Is w prime?
False
Is (-4)/1 + 7224155/79 a prime number?
False
Let w be -43*(-10 - (5 + -1)). Suppose -w - 682 = 4*o. Let h = 584 + o. Is h a composite number?
False
Let o(j) = -j**2 + 16*j - 30. Let t be (2/4 - -1)*8. Let s be o(t). Let p(n) = -n**3 + 19*n**2 - 10*n - 15. Is p(s) a prime number?
False
Suppose 3*z = 2*y + 7*z - 10, 0 = -3*z + 6. Is (-11355)/(-165) - (y - 13/11) prime?
False
Let g be ((-9)/(-18)*(1 - 1))/(-2). Suppose 0 = 3*q - g*q + y - 2255, 0 = 4*y - 8. Is q prime?
True
Let m = 1005 + -559. Suppose -4*l + 2*r = 5*r + 9, -4*l = -r - 3. Suppose -b - b + m = l. Is b a prime number?
True
Let p = 53851 + -18537. Is p a prime number?
False
Let h(z) = 2*z + 355 - 691 + 685 + 1194. Is h(0) prime?
True
Let g = -3 - -1. Let d be (31 - 0)*(g + -1). Let u = -4 - d. Is u composite?
False
Is 55525*(-1)/(-6 + 5) - -4 prime?
True
Let p(j) = 7*j**3 - 5*j**2 - 10*j - 10. Is p(6) a composite number?
True
Suppose 62628 = 30*l + 23088. Is l composite?
True
Let b be 34 + 4*2/(-4). Let t be (-2)/(-3) + b/6. Suppose -93 = -9*c + t*c. Is c composite?
False
Suppose 0 = 3*x + 4*a - 23473, -2*a = 3*x + a - 23469. Is x prime?
False
Let x = 29 + -24. Suppose -x*w = 3*r - 87 - 161, -5*w - 389 = -4*r. Is r a composite number?
True
Let a = 1 + 7. Suppose 4*v - d + a = 392, 5*d - 117 = -v. Is v a composite number?
False
Let n = 132 - 132. Let k(y) = -y**3 - y**2 + 2. Let l be k(0). Suppose 7*v - l*v - 265 = n. Is v prime?
True
Let h(f) = 59*f - 32. Is h(9) prime?
True
Suppose 0 = 13*f - 24*f + 84029. Is f a prime number?
True
Let h be (-2)/(-4)*-4 - -647. Suppose 0 = 4*i - 1519 - h. Is i a composite number?
False
Let b = -4631 - -8694. Is b a prime number?
False
Let z(d) = -d**3 + 2*d**2 + 4. Suppose 0 = 8*l + 61 - 21. Is z(l) a prime number?
True
Let l be -1145*(-1 - 0)/(4/4). Suppose -2*y = -v + l, 4*v = -3*y + 2*y + 4607. Is v a composite number?
False
Is (73811283/(-130))/(-21) - 2/20 prime?
False
Suppose 4*b - g = 3*g + 50952, -b = g - 12748. Is b a composite number?
False
Suppose 11*d - 6*d = 10, -5*d - 26475 = -5*j. Is j prime?
True
Let z = -424 + 1011. Is z a composite number?
False
Let w be 18/(-99) + (1 - (-150)/(-22)). Let s(g) = 5*g**2 - 5*g - 7. Is s(w) composite?
True
Let z(r) = 56*r - 1. Let f = -13 - -20. Is z(f) composite?
True
Let t = 362 - 64. Is t composite?
True
Let k = 13 - 10. Suppose f - 2*m = 635, 1901 = 6*f - k*f - 4*m. Is f composite?
False
Let a(c) = 153*c**2 + c - 1. Let m = -8 - -10. Is a(m) prime?
True
Suppose 46*y - 8090 = 44*y. Is y composite?
True
Let g be ((-6)/4)/((-15)/20). Let m be g/(-1) + 0 + 4. Is (29*(-8)/(-2))/m composite?
True
Suppose -5*b + 5*p + 25 = 0, -5*p = 2*b - 3 + 28. Let n = 3 - b. Is (2 - n - -2) + 84 composite?
True
Suppose 0 = 13*t - 3*t - 1060. Let j = 21 + t. Is j a composite number?
False
Suppose 5*l + 40 = -n - 3*n, -8 = l - 5*n. Let i(u) = 198*u**2 + 21*u - 7. Let q be i(-7). Is (q/l)/7*-2 a composite number?
True
Let d = 4056 + 2009. Is d a prime number?
False
Is (-1 - 6/(-9))/(3/(-125973)) prime?
True
Let a = 0 - -4. Is (-23)/a*(-57 - -5) a composite number?
True
Suppose 0 = -3*l + 18. Suppose -l + 5 = -x. Let t = x + 32. Is t composite?
True
Let g be ((-4)/(-5))/(40/(-100)). Let h = 5 + -3. Is h/g + -4 + 148 a prime number?
False
Let i(z) = 5818*z - 11. Is i(1) prime?
True
Suppose 4*r - 54552 = 2*p, -6*r - p = -r - 68197. Is r prime?
False
Is -1 - (-552792)/39 - (-4)/(-26) a composite number?
False
Let h(w) = -58 + 3*w + 8*w**3 - 63 - 3*w**3 - 4*w**3 + 115 + 6*w**2. Suppose 5*q + 22 = -3. Is h(q) composite?
True
Suppose 0 = 2*u + 796 + 64. Let f = -213 - u. Is f composite?
True
Let v = -670 + 1101. Let s = 1626 - v. Is s prime?
False
Let a(h) be the third derivative of 53*h**4/24 - 23*h**3/6 + 5*h**2. Is a(12) a prime number?
True
Let b = -734 - -166. Let t = 151 - b. Suppose 0 = -5*q + t - 234. Is q prime?
True
Suppose -5*t = s - 103852, 41527 = 2*t - 11*s + 16*s. Is t composite?
False
Let o be ((-2)/4)/((-10)/(-13780)). Let c = o + 1025. Is -3*1 + c + 8 composite?
True
Suppose 0 = -10*d - 15593 + 57603. Is d prime?
True
Let v(n) be the second derivative of n**3/6 + 121*n**2/2 + 3*n. Suppose -3*t + 1 = -a + 4, -4*t = -2*a + 6. Is v(t) composite?
True
Let u(p) = 1053*p**2 + p - 15. Is u(-2) a composite number?
True
Let y = 41 - 76. Is (-24 - y)*(31*1 + 0) a composite number?
True
Suppose -40133 + 4104 = -7*m. Is m a prime number?
True
Let x be (-4)/18 - 75267/(-81). Suppose -5*o + x = -271. Suppose -c + 86 + o = t, 975 = 3*c + 2*t. Is c a composite number?
True
Su